 = t - 6*r - 3. List the prime factors of y(t).
397
Let q = 45 + -40. Suppose -3*s = k - 166, -k = -q*s + 3*s - 146. What are the prime factors of k?
2, 7, 11
Let d be 3132/(-24)*4/(-3). Let s = -142 + d. List the prime factors of s.
2
Suppose 32*f - 40 = -3*w + 27*f, -5*w - 3*f + 72 = 0. What are the prime factors of 9/(-15) + 15429/w?
2, 257
Suppose 5*y + g - 23 = 0, 3*g + g + 8 = 0. Suppose 0 = 5*q + 20, -912 = -0*p - y*p + 3*q. What are the prime factors of p?
2, 3, 5
Suppose -3*m = 4*t - 37380, 28*t + 18690 = 30*t - m. List the prime factors of t.
3, 5, 7, 89
Let d be (-52)/(-8) - (-1 - (-2)/4). Suppose -2*o - 20 = -d*o. List the prime factors of -218*((-18)/o)/9.
109
Let j(x) = 14*x**3 - 2*x**2 - 2*x. Let h be j(-6). Let i = -1789 - h. List the prime factors of i.
5, 7, 37
Suppose 4*u - 5465 = 3*d, 5*d + 0*d + 4085 = 3*u. Suppose o + 266 = v, 5*v + o + 4*o = u. List the prime factors of -3 + ((-15)/(-9))/(3/v).
3, 7
Let l(x) = -x**3 + 55*x**2 + 55*x + 525. List the prime factors of l(46).
7, 11, 41
Suppose -3*c - 406 = -10*c. Let w be c/4 + 4/(-8). Let u = 138 + w. List the prime factors of u.
2, 19
Let k(s) = -s**2 - 19*s + 20. Let a be k(-12). Let y = 201 - a. List the prime factors of y.
97
Suppose 2*b + l = -11, b - 2*l - 6 = 3*b. List the prime factors of 848/84*41 - b/84.
2, 3, 23
Let o(g) = -2*g**2 - 10*g. Let f be o(-5). Suppose 2*n + h - 202 = -f*n, -3*h = 4*n - 406. Suppose -40 = -4*m + n. What are the prime factors of m?
5, 7
Suppose -18*c - 325 = 215. List the prime factors of 6*(-2)/(-10)*(-2150)/c.
2, 43
Suppose -53*u + 102969 + 14320 = 0. What are the prime factors of u?
2213
Suppose 8521 = 3*w - w + 3*b, -4*w + 3*b + 16997 = 0. Suppose 21*i - 5953 = w. What are the prime factors of i?
2, 3
Let p = 110 - 117. What are the prime factors of (p - -6 - -2)*188?
2, 47
Let i be (8 - 90/12)/(2/1704). Suppose 60 - i = -q. What are the prime factors of q?
2, 3, 61
Suppose 57 = 5*i + h, h - 4 = -h. Suppose -o + 1037 = -2*u, 16*u - i*u = 2*o - 2069. List the prime factors of o.
3, 349
Let r(d) = 9 + 17*d + 20*d**3 + d**2 - 32*d + 2*d**3 + 10*d. List the prime factors of r(3).
3, 199
Let u = -41 + 43. Suppose -13 = -u*f + 71. Suppose -3*n = 4*o - 100, o + 7 = -n + f. List the prime factors of n.
2, 5
Let s = 56972 - 40452. Suppose s = -19*c + 54*c. What are the prime factors of c?
2, 59
Let h(u) be the second derivative of -u**5/20 + u**4/12 - u**3/3 + 106*u**2 + 6*u + 12. Let a = -4 + 4. List the prime factors of h(a).
2, 53
Suppose 0 = -140*l + 143*l + 300. What are the prime factors of ((-608)/(-38))/((-2)/l)?
2, 5
List the prime factors of (11851605/(-65))/(-9) - (-4)/(-26).
3, 2251
Suppose 27*m = 26*m + 247. Let o = m + 273. List the prime factors of o.
2, 5, 13
Let h(c) = -126*c + 4 - 14 - 1 - 5. List the prime factors of h(-5).
2, 307
Suppose 0 = 73*h - 68*h - 45. Let m(x) = 2*x**2 - 19*x + 18. Let w be m(h). List the prime factors of (3/w)/((-2)/(-946 + -2)).
2, 79
Suppose -2*h - h = 0. Suppose h*s + 3*s - 3*k = 1971, 5*k = -3*s + 1947. What are the prime factors of s?
2, 3, 109
Let u be 17 + 901 - (-10)/2. Let v = 811 + u. List the prime factors of v.
2, 3, 17
Let x(b) be the second derivative of b**5/20 - 5*b**4/3 + 9*b**3/2 - 9*b**2 + 7*b. Let h be x(19). Suppose -i - h = -3*i. What are the prime factors of i?
67
Let o(j) = 5*j**2 - 90. Let c(x) = x**3 + 4*x**2 + x + 4. Let u be c(-2). List the prime factors of o(u).
2, 5, 41
Suppose -5*l = -2*d - 10, 4*d + 8 = -3*l + 7*l. Suppose -t = -5*q - 310 - 76, l*q = -5*t + 2065. List the prime factors of t.
3, 137
Suppose -8*b + 102 = 94. What are the prime factors of (-6 - -14) + 4 + b?
13
Let k(n) = n**2. Let j(v) = 20*v - 4. Let l(i) = -j(i) + 2*k(i). Let w be l(10). Suppose -w*t + 2*t = r - 9, 0 = -r - 5*t - 6. List the prime factors of r.
19
Let y be 4*13/(-364) - 72/(-14). Suppose 2*a + 5*w - 7 = 0, -2*a + y = -2*w - 37. List the prime factors of a.
2
Let g = 717 - -10594. What are the prime factors of g?
11311
Let p = -55 + 65. Suppose 4*t + 5*q = 3*q - p, 0 = -4*t + 2*q + 10. Suppose -3*j - 5*u + 333 = t, 3*j + 3*u - 330 = -u. What are the prime factors of j?
2, 53
Let t(n) = -23*n**3 + 9*n**2 + 24*n + 200. List the prime factors of t(-8).
2, 3, 5, 103
Let s(x) = -3*x**2 - 256*x + 118. List the prime factors of s(-38).
2, 3, 919
Let v(p) = 4260*p + 20. What are the prime factors of v(4)?
2, 5, 853
Suppose -20 = 4*x, -3*t = 5*x + 30 - 5. What are the prime factors of (t/3 - -178)*(2 + 3)?
2, 5, 89
Suppose 0 = -4*f, 1479 = 4*m - 3*f + 531. Suppose 3*n - 6*n + m = 0. Suppose n = 8*p - 385. List the prime factors of p.
2, 29
Suppose -827*r - 70155 = -842*r. List the prime factors of r.
3, 1559
Let c = -90 - -210. Suppose -9*s = -7*s - c. Let h = 115 - s. List the prime factors of h.
5, 11
Let z(m) = 12796*m + 263. What are the prime factors of z(6)?
41, 1879
Let w = -5393 + 11857. What are the prime factors of w?
2, 101
Let n = -4213 - -11935. List the prime factors of n.
2, 3, 11, 13
Let l = 13194 + 7949. List the prime factors of l.
21143
Suppose 0 = -f - 7 + 6. Let t = 6 + f. Suppose 2*d = -5*b - d + 247, -3*b + 161 = t*d. What are the prime factors of b?
47
Let h = -3085 + 8382. What are the prime factors of h?
5297
Let f be ((-1)/3)/((-13)/7644). Let i = f - -12. List the prime factors of i.
2, 13
Let m be 6424/6 + (-8)/12. Suppose j + 156 = -2*d + m, 0 = d + 3*j - 462. Suppose 3*i - 4*o - 694 = 0, -8*i + 10*i = 4*o + d. What are the prime factors of i?
2, 7, 17
Let j(f) = 5356*f - 9629. List the prime factors of j(11).
3, 7, 2347
Suppose 216497 = 17*a + 19110. List the prime factors of a.
17, 683
Suppose -127*l - 56777 = -140*l + 80828. List the prime factors of l.
5, 29, 73
Let l(o) = o - 9. Let r be l(7). Let u be 1 + (2 - r)/(-4). Suppose 0*m + m - 2*n - 57 = 0, u = m + n - 63. List the prime factors of m.
61
List the prime factors of 450*(-1026)/(-18) - (6 + -2).
2, 12823
Suppose 25*n + 6*y - 361381 = 3*y, 2*y + 43361 = 3*n. What are the prime factors of n?
5, 7, 59
Let f(q) = -26*q**2 + 3*q**3 - 3 - 2*q + 4*q + 20*q**2. Let u be f(6). What are the prime factors of (6/9)/(6/u)?
7
Suppose -q = -m - 5*q - 71, 4*m + 3*q = -336. Let z = m - -89. Suppose 2*p - 505 = k, -p - 4*k + z*k = -265. What are the prime factors of p?
3, 5, 17
Suppose -3*w = 4*n - 122, -4*w - 135 - 33 = -5*n. List the prime factors of (-1)/(-1)*24992/n.
11, 71
Suppose 4*l + 5*g - 37298 = 0, 2*g - 9332 = -l - 3*g. What are the prime factors of l?
2, 59, 79
Let i(a) = -a**2 - 13*a + 6. Let g be i(-13). Suppose h - 6 = g. Suppose 2056 + 44 = h*f. What are the prime factors of f?
5, 7
Suppose -3*v + 3*k + 19008 = 0, 1 = -k + 7. List the prime factors of v.
2, 3, 7, 151
Suppose 14909 + 11959 = 12*i. Let y = i - 1531. What are the prime factors of y?
2, 3, 59
Suppose -p - 4*x + 286 = -3*p, p + 3*x + 138 = 0. Suppose -2*n = -4*a + 1050 + 120, 567 = 2*a + 5*n. Let i = p + a. What are the prime factors of i?
2, 3, 5
Suppose 4*n - 2*y = 8370, -10*n + 5*n + 3*y = -10460. Suppose 2206 = 4*z + 5*g - 618, 2*g + n = 3*z. List the prime factors of z.
701
Let w = 7734 - 3329. What are the prime factors of w?
5, 881
Let x = 808 + -564. What are the prime factors of (24 + -21)/(2/x)?
2, 3, 61
What are the prime factors of 1/(40/1364056) + ((-312)/15)/(-13)?
67, 509
Let b be (-4 - 47)*(2 + (3 - 2)). Let t = 611 - b. What are the prime factors of t?
2, 191
Let b = -155 - -139. What are the prime factors of (((-13308)/b)/3)/(2/8)?
1109
Suppose -4*h - 3*c + 2 = -1, -2*c + 2 = 0. Suppose -2*o + h*o + 1589 = 5*d, 2*o = 3*d - 947. What are the prime factors of d?
317
Suppose 4*f = -q - 6, 8*q - 6*q = -2*f + 6. Suppose 4*a - a - 2064 = 0. What are the prime factors of ((-21)/(-14))/(q/a)?
2, 43
Let n(g) = 9*g + 171. Let t(h) = 9*h + 170. Let z(k) = 3*n(k) - 4*t(k). What are the prime factors of z(-33)?
2, 5, 13
What are the prime factors of (1119265/28 - 4) + (-21)/28?
3, 4441
Let i be ((-600)/(-18))/(-20)*-13*222. Suppose -3*x + 34 = -j + 2*j, 110 = 5*j + 3*x. Suppose j*g - i + 763 = 0. What are the prime factors of g?
3, 71
Let d = 7051 - -318. List the prime factors of d.
7369
Suppose -15212 = -109*v + 2991. List the prime factors of v.
167
Let r(v) = 4*v**2 - 8*v + 4271. What are the prime factors of r(60)?
18191
Let 